 Give t(0).
6
Let c(h) = -h**2 - 9*h - 2. What is c(-9)?
-2
Let u(j) = j**3 + 10*j**2 + 7*j + 1. Determine u(-9).
19
Let f(h) = 3*h + 7. Give f(-6).
-11
Let l(o) = -o**2 - 4*o + 4. Give l(4).
-28
Let d(j) = j**2 - 9*j - 14. What is d(9)?
-14
Let w(a) = 6*a - 29. Calculate w(6).
7
Let o(g) = -9*g - 64. Calculate o(-7).
-1
Let z(m) = m + 5. Calculate z(-2).
3
Let i(v) = 3*v**2 + 10*v + 8. Determine i(-3).
5
Let d(p) = -p**2 + 2*p + 5. What is d(0)?
5
Let a(u) = u**2 + 12*u + 12. Determine a(-10).
-8
Let p(i) = 7*i**2 + 27*i + 3. Calculate p(-4).
7
Let q(c) = 43*c**2 - 2*c + 3. Calculate q(1).
44
Let y(u) = 60*u**3 - 1. Calculate y(-1).
-61
Let t(j) = 2*j**2 - 20*j - 1. Give t(9).
-19
Let s(j) = j**3 + 7*j**2 - 30*j - 28. Calculate s(-10).
-28
Let s(g) = -16*g**3 + 2*g**2 - 2. Determine s(1).
-16
Let x(y) = y**3 - 26*y**2 + y - 32. What is x(26)?
-6
Let x(q) = q**3 + 7*q**2 + 2. Calculate x(-7).
2
Let m(w) = -16*w + 42. What is m(5)?
-38
Let c(l) = 6*l - 1. Give c(-7).
-43
Let n(b) = 35*b**2 + 2*b - 1. Determine n(1).
36
Let b(t) = -t + 12. Give b(12).
0
Let r(z) = -2*z + 49. Give r(12).
25
Let r(x) = -x**3 - 17*x**2 - 8*x + 16. What is r(-16)?
-112
Let w(j) = 11*j - 45. What is w(12)?
87
Let u(o) = o**2 - 8*o + 1. Give u(10).
21
Let n(c) = c**3 - 4*c**2 - 4*c + 8. Calculate n(4).
-8
Let o(h) = 2*h**2 + 4*h - 5. Give o(-4).
11
Let y(s) = -s**2 + 7*s + 5. Calculate y(9).
-13
Let w(m) = 3*m - 16. Give w(-15).
-61
Let q(p) = -p**2 + 2*p - 2. Determine q(4).
-10
Let v(k) = k**2 - k + 1. Determine v(-4).
21
Let o(g) = g**3 - 62*g**2 + 3. Calculate o(62).
3
Let w(g) = 31*g**3 + g**2 + 2*g + 1. What is w(-1)?
-31
Let x(f) = 32*f - 478. Give x(15).
2
Let n(w) = 4*w**2 + 3*w - 2. Give n(-3).
25
Let o(s) = s**3 + 8*s**2 - 14*s + 10. Calculate o(-9).
55
Let p(a) = a + 20. What is p(-11)?
9
Let h(f) = -3*f**3 + 12*f**2 - f - 9. Give h(4).
-13
Let w(r) = r**2 - 8*r + 8. Determine w(7).
1
Let x(m) = -9*m + 1. Determine x(3).
-26
Let r(t) = -3*t + 6. Calculate r(7).
-15
Let p(g) = -g**2 + 32*g - 85. Calculate p(29).
2
Let g(a) = a**2 - 4*a + 11. Determine g(7).
32
Let m(y) = 92*y + 282. What is m(-3)?
6
Let y(w) = -5*w + 1. Determine y(0).
1
Let r(b) = 33*b**2 - 5*b + 4. Calculate r(1).
32
Let r(k) = -k**3 + 8*k**2 - 16*k + 119. What is r(8)?
-9
Let l(v) = -v**2 + 6*v + 14. Determine l(6).
14
Let c(t) = -t**2 - 32*t - 112. What is c(-4)?
0
Let q(l) = -21*l + 89. Determine q(4).
5
Let x(g) = 4*g**2 + 2*g + 1. Calculate x(-1).
3
Let m(v) = -5*v**2 - 7*v. Give m(-2).
-6
Let b(w) = 5*w - 7. Determine b(-4).
-27
Let c(k) = -6*k - 100. Determine c(-15).
-10
Let w(z) = -2*z - 2. Determine w(10).
-22
Let m(w) = -w - 6. Determine m(-10).
4
Let c(d) = 2*d**2 + 11*d + 8. Determine c(-3).
-7
Let m(n) = 3*n**3 + 13*n**2 + 23*n + 31. Determine m(-3).
-2
Let q(u) = -u**2 - 16*u + 32. Determine q(-13).
71
Let z(p) = p**2 - 10*p + 23. Calculate z(6).
-1
Let x(c) = -2*c**3 - 8*c**2 - 6*c - 11. Determine x(-5).
69
Let l(j) = -10*j + 23. Determine l(2).
3
Let l(f) = -2*f**2 + 14*f - 11. Determine l(9).
-47
Let a(z) = z**3 - 2*z**2 - z - 6. Determine a(4).
22
Let o(k) = k**3 - 14*k**2 - k + 2. Give o(14).
-12
Let a(l) = -l**3 - 13*l**2 - 20*l - 27. Calculate a(-12).
69
Let r(v) = -5*v + 45. Determine r(18).
-45
Let a(d) = -d**2 - 6*d + 27. What is a(-9)?
0
Let b(n) = 8*n**3 + 12*n**2 + 2*n. Give b(-2).
-20
Let p(j) = -j**3 - 10*j**2 - 18*j + 6. What is p(-6)?
-30
Let q(i) = -i**2 + 11*i + 39. Give q(15).
-21
Let j(g) = g**3 + 17*g**2 + 14*g - 34. Determine j(-16).
-2
Let m(r) = -r**3 - 9*r**2 - 3*r + 24. Give m(-8).
-16
Let p(n) = -33*n**3 - n**2 + 1. Calculate p(-1).
33
Let l(f) = f + 2. What is l(2)?
4
Let t(r) = -r - 11. Determine t(-13).
2
Let i(h) = -h**3 + 3*h**2 + 31*h - 97. What is i(4)?
11
Let z(s) = -s**3 - 36*s**2 + 34*s - 109. What is z(-37)?
2
Let s(w) = w**3 - 9*w**2 - 87*w + 14. Give s(-6).
-4
Let d(b) = 2*b**2 + b - 19. Calculate d(4).
17
Let q(s) = 6*s**2 - 3*s - 1. Give q(1).
2
Let a(v) = -v**2 + 6*v - 8. Determine a(6).
-8
Let z(f) = f**2 + 8*f - 16. Determine z(-11).
17
Let n(m) = m**2 + 41*m + 6. Give n(-41).
6
Let v(p) = -2*p**2 - 3*p + 64. Calculate v(5).
-1
Let l(q) = q**2 - 16*q + 59. Determine l(7).
-4
Let x(z) = -26*z + 3. What is x(-4)?
107
Let h(b) = -99*b - 18. Determine h(2).
-216
Let k(o) = -o + 17. What is k(17)?
0
Let a(k) = -3*k + 5. Determine a(5).
-10
Let p(y) = 65*y - 88. Determine p(2).
42
Let l(q) = 3*q + 13. Give l(9).
40
Let x(g) = 25*g + 96. Give x(-4).
-4
Let l(p) = 2*p - 4. Calculate l(3).
2
Let d(a) = 4*a - 4. Calculate d(7).
24
Let r(i) = 48*i + 13. Calculate r(-2).
-83
Let o(c) = -c**2 - 11*c + 16. Give o(-7).
44
Let r(x) = -4*x**2 + 4*x + 7. Give r(-2).
-17
Let i(s) = 3*s**2 + 18*s - 8. Give i(-6).
-8
Let f(i) = -i**3 - 4*i**2 - 2. Calculate f(-4).
-2
Let h(t) = t**3 + 11*t**2 - 10*t + 13. Determine h(-12).
-11
Let l(v) = -v**2 + 8*v - 8. What is l(2)?
4
Let p(w) = 8*w + 53. Calculate p(-6).
5
Let c(k) = -k**3 + 3*k - 6. Determine c(-2).
-4
Let o(x) = -9*x**2 - 158*x - 38. Determine o(-17).
47
Let u(r) = 3*r**2 + 4*r - 5. Give u(1).
2
Let s(m) = 35*m + 10. What is s(-2)?
-60
Let m(i) = 78*i + 317. Determine m(-4).
5
Let x(o) = -10*o - 5. What is x(-6)?
55
Let i(y) = -y**3 - 4*y**2 - 4*y - 6. What is i(-3)?
-3
Let t(q) = 2*q**3 - 15*q**2 + 6*q + 9. Calculate t(7).
2
Let w(i) = 2*i**2 - 31*i - 13. Calculate w(16).
3
Let x(z) = 35*z + 1163. Calculate x(-33).
8
Let x(g) = g**3 - 2*g**2 + g - 4. Give x(4).
32
Let d(q) = -12*q + 305. Determine d(25).
5
Let n(b) = -2*b**3 + b**2 + 2*b + 5. Calculate n(3).
-34
Let t(m) = -m**2 - 20*m - 44. Calculate t(-19).
-25
Let q(z) = 3*z**2 - 11*z - 70. What is q(-5)?
60
Let i(l) = -2*l + 14. Give i(-8).
30
Let k(m) = -6*m - 2. Calculate k(-1).
4
Let l(z) = -3*z + 4. Calculate l(7).
-17
Let h(z) = z**2 + 12*z + 36. What is h(-7)?
1
Let g(b) = b**2 + 2. Give g(3).
11
Let m(f) = 2*f**3 - 14*f**2 - 4*f + 11. Give m(3).
-73
Let o(u) = -u**2 - u + 2. Give o(1).
0
Let c(p) = 8*p**2 + 4*p - 2. Determine c(-3).
58
Let c(i) = 4*i**2 - 5*i + 5. Determine c(2).
11
Let i(b) = -3*b + 6. Determine i(2).
0
Let u(s) = s**2 + 3*s. What is u(-7)?
28
Let y(l) = 15*l**2 - 224*l - 21. Determine y(15).
-6
Let f(t) = -2*t**2 - 29*t + 8. Calculate f(-15).
-7
Let v(n) = -n**2 - 7*n + 7. What is v(-6)?
13
Let b(s) = -2*s**2 + 51*s + 12. Calculate b(26).
-14
Let t(u) = -u**3 - 23*u**2 + 27*u + 68. What is t(-24)?
-4
Let q(d) = -6*d + 15. Calculate q(3).
-3
Let p(b) = -b**3 - 28*b**2 + 3*b + 20. Determine p(-28).
-64
Let b(m) = m**3 + 35*m**2 - 160*m - 148. Give b(-39).
8
Let h(m) = 2*m**3 - 7*m**2 - 3*m + 12. Determine h(5).
72
Let p(k) = 3*k**2 + k + 2. What is p(-3)?
26
Let v(w) = -19*w - 4. What is v(-2)?
34
Let m(t) = -21*t**3 + t. Calculate m(1).
-20
Let m(b) = -18*b - 233. Calculate m(-13).
1
Let v(m) = -9*m**2 + 6*m - 7. Give v(2).
-31
Let t(a) = 4*a + 6. Calculate t(7).
34
Let k(a) = -4*a - 49. Give k(-11).
-5
Let v(o) = -o**2 + 4*o + 37. What is v(-5)?
-8
Let s(a) = -a**3 - 5*a**2 + 4*a + 12. What is s(-5)?
-8
Let n(v) = v**2 - 10*v + 9. Give n(8).
-7
Let w(f) = -12*f**2 - f. Calculate w(-2).
-46
Let t(p) = -p**3 - 2*p**2 + 14. What is t(0)?
14
Let j(n) = -8*n + 28. Determine j(5).
-12
Let r(x) = -2*x - 8. Calculate r(8).
-24
Let x(t) = -28*t + 232. What is x(9)?
-20
Let h(w) = -4*w**2 - 3*w - 3. Give h(-2).
-13
Let y(u) = -3*u**2 + 12*u + 21. Give y(6).
-15
Let k(w) = -41*w + 41. Give k(1).
0
Let p(j) = 3*j**2 - 14*j - 31. What is p(9)?
86
Let l(u) = u**2 - 5*u + 1. Give l(-6).
67
Let k(c) = c**2 + 13*c + 18. What is k(-9)?
-18
Let k(w) = 34*w - 5. Calculate k(0).
-5
Let k(x) = 5*x + 1. What is k(-1)?
-4
Let b(s) = -s**3 - 4*s**2 - 3*s - 3. Calculate b(-4).
9
Let k(i) = i**3 - 25*i**2 + 24*i + 20. What is k(24)?
20
Let y(b) = -7*b**3 - 3*b**2 - 2*b - 1. Calculate y(-1).
5
Let x(y) = y - 5. What is x(-4)?
-9
Let j(a) = 2*a**2 - 4*a - 29. What is j(6)?
19
Let l(k) = -2*k**2 - 7*k - 14. Calculate l(-8).
-86
Let g(p) = 4*p + 3. Determine g(0).
3
Let r(i) = 4*i - 7. Determine r(-7).
-35
Let m(u) = -u**2 - 14*u + 24. Give m(-18).
-48
Let c(g) = 2*g**2 + g - 9. Calculate c(5).
46
Let k(y) = y**2 - 12*y. Determine k(12).
0
Let s(n) = 2*n**2 - 14*n - 5. Give s(12).
115
Let z(d) = d**3 - 11*d**2 - 28*d + 40. Calculate z(13).